thousands digit of 4442905?
4
What is the thousands digit of 2644949?
4
What is the thousands digit of 163211?
3
What is the thousands digit of 281384?
1
What is the hundred thousands digit of 265515?
2
What is the hundreds digit of 2309778?
7
What is the hundreds digit of 1664055?
0
What is the hundreds digit of 26404040?
0
What is the thousands digit of 146256?
6
What is the thousands digit of 3073011?
3
What is the tens digit of 1004123?
2
What is the hundred thousands digit of 1332460?
3
What is the ten millions digit of 11190494?
1
What is the hundreds digit of 2576192?
1
What is the hundred thousands digit of 313556?
3
What is the ten thousands digit of 568204?
6
What is the hundred thousands digit of 2385484?
3
What is the tens digit of 767087?
8
What is the thousands digit of 3249852?
9
What is the ten thousands digit of 375834?
7
What is the ten thousands digit of 2935665?
3
What is the ten thousands digit of 683280?
8
What is the thousands digit of 18105?
8
What is the millions digit of 1026576?
1
What is the hundred thousands digit of 315849?
3
What is the tens digit of 19134?
3
What is the tens digit of 316052?
5
What is the tens digit of 811906?
0
What is the hundred thousands digit of 814358?
8
What is the hundred thousands digit of 19937377?
9
What is the thousands digit of 53239?
3
What is the hundred thousands digit of 7469002?
4
What is the ten thousands digit of 1616274?
1
What is the ten thousands digit of 4102559?
0
What is the ten thousands digit of 334268?
3
What is the units digit of 1664451?
1
What is the ten thousands digit of 235142?
3
What is the hundreds digit of 6612562?
5
What is the tens digit of 470639?
3
What is the units digit of 510997?
7
What is the units digit of 2859989?
9
What is the units digit of 380632?
2
What is the ten thousands digit of 2272424?
7
What is the tens digit of 20795?
9
What is the millions digit of 29361317?
9
What is the ten thousands digit of 4279587?
7
What is the ten thousands digit of 550545?
5
What is the tens digit of 256477?
7
What is the units digit of 7426394?
4
What is the hundred thousands digit of 398456?
3
What is the ten thousands digit of 152244?
5
What is the tens digit of 21970721?
2
What is the ten thousands digit of 485592?
8
What is the thousands digit of 514370?
4
What is the hundreds digit of 44552?
5
What is the millions digit of 8796105?
8
What is the tens digit of 3840016?
1
What is the tens digit of 387493?
9
What is the thousands digit of 1267553?
7
What is the millions digit of 1697968?
1
What is the units digit of 691276?
6
What is the hundreds digit of 849015?
0
What is the millions digit of 17803370?
7
What is the hundreds digit of 21253446?
4
What is the hundred thousands digit of 318248?
3
What is the units digit of 258936?
6
What is the thousands digit of 1403370?
3
What is the tens digit of 695643?
4
What is the ten thousands digit of 526974?
2
What is the units digit of 5277456?
6
What is the millions digit of 18359663?
8
What is the hundred thousands digit of 1426395?
4
What is the millions digit of 1308181?
1
What is the hundreds digit of 389058?
0
What is the tens digit of 14343872?
7
What is the units digit of 537145?
5
What is the hundreds digit of 497654?
6
What is the millions digit of 1591764?
1
What is the tens digit of 4366969?
6
What is the ten thousands digit of 643744?
4
What is the millions digit of 4714138?
4
What is the units digit of 3936140?
0
What is the hundreds digit of 864292?
2
What is the hundred thousands digit of 756861?
7
What is the thousands digit of 349777?
9
What is the tens digit of 21202893?
9
What is the millions digit of 5195327?
5
What is the hundreds digit of 2269214?
2
What is the hundreds digit of 402612?
6
What is the hundreds digit of 410334?
3
What is the thousands digit of 3043047?
3
What is the hundred thousands digit of 804102?
8
What is the millions digit of 9680736?
9
What is the hundred thousands digit of 145307?
1
What is the hundreds digit of 12321215?
2
What is the millions digit of 9698374?
9
What is the hundred thousands digit of 479469?
4
What is the ten thousands digit of 162334?
6
What is the ten thousands digit of 2928451?
2
What is the units digit of 4711299?
9
What is the thousands digit of 1782?
1
What is the hundreds digit of 453409?
4
What is the thousands digit of 564472?
4
What is the tens digit of 139293?
9
What is the ten thousands digit of 26033792?
3
What is the tens digit of 186081?
8
What is the millions digit of 9165020?
9
What is the units digit of 1879177?
7
What is the thousands digit of 3286618?
6
What is the units digit of 168305?
5
What is the tens digit of 267356?
5
What is the tens digit of 365915?
1
What is the hundred thousands digit of 1147852?
1
What is the tens digit of 48304?
0
What is the millions digit of 1212895?
1
What is the thousands digit of 80481?
0
What is the hundreds digit of 1871810?
8
What is the tens digit of 5809?
0
What is the units digit of 4221747?
7
What is the tens digit of 433974?
7
What is the hundreds digit of 295054?
0
What is the ten millions digit of 17701106?
1
What is the hundreds digit of 481660?
6
What is the thousands digit of 16226915?
6
What is the tens digit of 67340?
4
What is the tens digit of 9519402?
0
What is the hundreds digit of 406078?
0
What is the units digit of 501810?
0
What is the thousands digit of 2645110?
5
What is the tens digit of 1172856?
5
What is the tens digit of 141484?
8
What is the hundred thousands digit of 195326?
1
What is the thousands digit of 980000?
0
What is the hundred thousands digit of 14394405?
3
What is the thousands digit of 252327?
2
What is the ten thousands digit of 5343626?
4
What is the ten millions digit of 10762670?
1
What is the tens digit of 93404?
0
What is the units digit of 1328248?
8
What is the ten thousands digit of 101330?
0
What is the ten thousands digit of 604376?
0
What is the hundred thousands digit of 208111?
2
What is the tens digit of 24268?
6
What is the thousands digit of 5892340?
2
What is the hundred thousands digit of 833168?
8
What is the tens digit of 382975?
7
What is the hundreds digit of 899529?
5
What is the hundreds digit of 680137?
1
What is the thousands digit of 11014190?
4
What is the hundred thousands digit of 6449251?
4
What is the hundred thousands digit of 206214?
2
What is the ten thousands digit of 30757?
3
What is the millions digit of 2719826?
2
What is the ten thousands digit of 8548868?
4
What is the ten thousands digit of 13550919?
5
What is the hundreds digit of 8955172?
1
What is the thousands digit of 3003659?
3
What is the hundreds digit of 6127163?
1
What is the millions digit of 4637126?
4
What is the hundred thousands digit of 243591?
2
What is the units digit of 14780292?
2
What is the units digit of 949708?
8
What is the tens digit of 682402?
0
What is the tens digit of 22619115?
1
What is the hundreds digit of 942178?
1
What is the hundreds digit of 229881?
8
What is the ten thousands digit of 242731?
4
What is the units digit of 495319?
9
What is the millions digit of 19066600?
9
What is the thousands digit of 303546?
3
What is the thousands digit of 5266605?
6
What is the ten millions digit of 21154937?
2
What is the millions digit of 4597926?
4
What is the millions digit of 5202273?
5
What is the thousands digit of 5129799?
9
What is the thousands digit of 1501033?
1
What is the hundreds digit of 1504270?
2
What is the hundred thousands digit of 2279541?
2
What is the ten thousands digit of 6939205?
3
What is the units digit of 93946?
6
What is the hundreds digit of 8235905?
9
What is the hundreds digit of 37751?
7
What is the ten thousands digit of 310983?
1
What is the tens digit of 2953254?
5
What is the tens digit of 151646?
4
What is the ten millions digit of 13832347?
1
What is the hundreds digit of 3089645?
6
What is the hundreds digit of 204756?
7
What is the hundreds digit of 439374?
3
What is the hundred thousands digit of 120466?
1
What is the ten thousands digit of 106011?
0
What is the hundreds digit of 5791978?
9
What is the thousands digit of 548097?
8
What is the thousands digit of 857622?
7
What is the tens digit of 457252?
5
What is the tens digit of 46247?
4
What is the thousands digit of 9123131?
3
What is 